{"id":915,"date":"2023-01-02T18:58:54","date_gmt":"2023-01-02T22:58:54","guid":{"rendered":"https:\/\/sangerardo.gob.ec\/azuay\/?page_id=915"},"modified":"2024-06-28T22:53:02","modified_gmt":"2024-06-29T02:53:02","slug":"rendicion-de-cuentas-2023","status":"publish","type":"page","link":"https:\/\/sangerardo.gob.ec\/azuay\/rendicion-de-cuentas-2023\/","title":{"rendered":"Rendici\u00f3n de Cuentas 2023"},"content":{"rendered":"<p>DEFENSOR\u00cdA DEL PUEBLO<\/p>\n<p><a href=\"https:\/\/sangerardo.gob.ec\/azuay\/wp-content\/uploads\/2024\/05\/certificado.pdf\">Certificado Anual de cumplimiento 2023<\/a><\/p>\n<p>CPCCS<\/p>\n<p><a href=\"https:\/\/sangerardo.gob.ec\/azuay\/wp-content\/uploads\/2024\/05\/INFORME-rc-2023.pdf\">INFORME NARRATIVO RENDICI\u00d3N DE CUENTAS 2023<\/a><\/p>\n<p><a href=\"https:\/\/sangerardo.gob.ec\/azuay\/wp-content\/uploads\/2024\/06\/MATRIZ-INFORMACION-PRESUPUESTARIA-2023.xlsx\">MATRIZ INFORMACION PRESUPUESTARIA 2023<\/a><\/p>\n<p><a href=\"https:\/\/sangerardo.gob.ec\/azuay\/wp-content\/uploads\/2024\/06\/INFIMAS-CUANTIAS-2023-1.pdf\">INFIMAS CUANTIAS 2023<\/a><\/p>\n<p><a href=\"https:\/\/sangerardo.gob.ec\/azuay\/wp-content\/uploads\/2024\/06\/CATALOGO-ELECTRONICO-2023.pdf\">CAT\u00c1LOGO ELECTR\u00d3NICO 2023<\/a><\/p>\n<p><a href=\"https:\/\/sangerardo.gob.ec\/azuay\/wp-content\/uploads\/2024\/06\/img20240626_11240091.pdf\">PREGUNTAS\u00a0 RENDICI\u00d3N DE CUENTAS\u00a0 2023<\/a><\/p>\n<p><a href=\"https:\/\/sangerardo.gob.ec\/azuay\/wp-content\/uploads\/2024\/06\/escaneado-3.pdf\">CONTROL ASISTENCIA SOCIALIZACI\u00d3N INFORMACI\u00d3N 2023<\/a><\/p>\n<p><a href=\"https:\/\/sangerardo.gob.ec\/azuay\/wp-content\/uploads\/2024\/06\/escaner-1.pdf\">CONTROL ASISTENCIA DELIBERACI\u00d3N P\u00daBLICA<\/a><\/p>\n<p><a href=\"https:\/\/sangerardo.gob.ec\/azuay\/wp-content\/uploads\/2024\/06\/SAN-GERARDO-1.pdf\">PRESUPUESTO PARTICIPATIVO 2023<\/a><\/p>\n<p>Informes Vocales<\/p>\n<ul>\n<li><a href=\"https:\/\/sangerardo.gob.ec\/azuay\/wp-content\/uploads\/2024\/06\/Autoridades-1.-Herny.pdf\">Henry Ordo\u00f1ez<\/a><\/li>\n<li><a href=\"https:\/\/sangerardo.gob.ec\/azuay\/wp-content\/uploads\/2024\/06\/Autoridades-1.-Alexandra.Arebalo-1.pdf\">Alexandra.Arebalo <\/a><\/li>\n<li><a href=\"https:\/\/sangerardo.gob.ec\/azuay\/wp-content\/uploads\/2024\/06\/Autoridades-1.Estefania.Panjon.pdf\">Estefania.Panj\u00f3n<\/a><\/li>\n<li><a href=\"https:\/\/sangerardo.gob.ec\/azuay\/wp-content\/uploads\/2024\/06\/Autoridades-1.Carmen.Panjon.pdf\">Carmen.Panj\u00f3n<\/a><\/li>\n<li><a href=\"https:\/\/sangerardo.gob.ec\/azuay\/wp-content\/uploads\/2024\/06\/Autoridades-10.pdf\">Jessica Cobos<\/a><\/li>\n<\/ul>\n<p>Link de la deliberaci\u00f3n p\u00fablica -transmision en vivo<\/p>\n<p>https:\/\/www.facebook.com\/share\/v\/wKrPberSDBU2kgBv\/?mibextid=WC7FNe<\/p>\n","protected":false},"excerpt":{"rendered":"<p>DEFENSOR\u00cdA DEL PUEBLO Certificado Anual de cumplimiento 2023 CPCCS INFORME NARRATIVO RENDICI\u00d3N DE CUENTAS 2023 MATRIZ INFORMACION PRESUPUESTARIA 2023 INFIMAS CUANTIAS 2023 CAT\u00c1LOGO ELECTR\u00d3NICO 2023 PREGUNTAS\u00a0 RENDICI\u00d3N DE CUENTAS\u00a0 2023 CONTROL ASISTENCIA SOCIALIZACI\u00d3N INFORMACI\u00d3N 2023 CONTROL ASISTENCIA DELIBERACI\u00d3N P\u00daBLICA PRESUPUESTO PARTICIPATIVO 2023 Informes Vocales Henry Ordo\u00f1ez Alexandra.Arebalo Estefania.Panj\u00f3n Carmen.Panj\u00f3n Jessica Cobos Link de la deliberaci\u00f3n [&hellip;]<\/p>\n","protected":false},"author":6,"featured_media":0,"parent":0,"menu_order":0,"comment_status":"closed","ping_status":"closed","template":"","meta":{"footnotes":""},"class_list":["post-915","page","type-page","status-publish","hentry"],"yoast_head":"<!-- This site is optimized with the Yoast SEO plugin v24.1 - https:\/\/yoast.com\/wordpress\/plugins\/seo\/ -->\n<title>Rendici\u00f3n de Cuentas 2023 - GAD parroquial San Gerardo<\/title>\n<meta name=\"robots\" content=\"index, follow, max-snippet:-1, max-image-preview:large, max-video-preview:-1\" \/>\n<link rel=\"canonical\" href=\"https:\/\/sangerardo.gob.ec\/azuay\/rendicion-de-cuentas-2023\/\" \/>\n<meta property=\"og:locale\" content=\"es_ES\" \/>\n<meta property=\"og:type\" content=\"article\" \/>\n<meta property=\"og:title\" content=\"Rendici\u00f3n de Cuentas 2023 - GAD parroquial San Gerardo\" \/>\n<meta property=\"og:description\" content=\"DEFENSOR\u00cdA DEL PUEBLO Certificado Anual de cumplimiento 2023 CPCCS INFORME NARRATIVO RENDICI\u00d3N DE CUENTAS 2023 MATRIZ INFORMACION PRESUPUESTARIA 2023 INFIMAS CUANTIAS 2023 CAT\u00c1LOGO ELECTR\u00d3NICO 2023 PREGUNTAS\u00a0 RENDICI\u00d3N DE CUENTAS\u00a0 2023 CONTROL ASISTENCIA SOCIALIZACI\u00d3N INFORMACI\u00d3N 2023 CONTROL ASISTENCIA DELIBERACI\u00d3N P\u00daBLICA PRESUPUESTO PARTICIPATIVO 2023 Informes Vocales Henry Ordo\u00f1ez Alexandra.Arebalo Estefania.Panj\u00f3n Carmen.Panj\u00f3n Jessica Cobos Link de la deliberaci\u00f3n [&hellip;]\" \/>\n<meta property=\"og:url\" content=\"https:\/\/sangerardo.gob.ec\/azuay\/rendicion-de-cuentas-2023\/\" \/>\n<meta property=\"og:site_name\" content=\"GAD parroquial San Gerardo\" \/>\n<meta property=\"article:modified_time\" content=\"2024-06-29T02:53:02+00:00\" \/>\n<meta name=\"twitter:card\" content=\"summary_large_image\" \/>\n<meta name=\"twitter:label1\" content=\"Tiempo de lectura\" \/>\n\t<meta name=\"twitter:data1\" content=\"1 minuto\" \/>\n<script type=\"application\/ld+json\" class=\"yoast-schema-graph\">{\"@context\":\"https:\/\/schema.org\",\"@graph\":[{\"@type\":\"WebPage\",\"@id\":\"https:\/\/sangerardo.gob.ec\/azuay\/rendicion-de-cuentas-2023\/\",\"url\":\"https:\/\/sangerardo.gob.ec\/azuay\/rendicion-de-cuentas-2023\/\",\"name\":\"Rendici\u00f3n de Cuentas 2023 - GAD parroquial San Gerardo\",\"isPartOf\":{\"@id\":\"https:\/\/sangerardo.gob.ec\/azuay\/#website\"},\"datePublished\":\"2023-01-02T22:58:54+00:00\",\"dateModified\":\"2024-06-29T02:53:02+00:00\",\"breadcrumb\":{\"@id\":\"https:\/\/sangerardo.gob.ec\/azuay\/rendicion-de-cuentas-2023\/#breadcrumb\"},\"inLanguage\":\"es\",\"potentialAction\":[{\"@type\":\"ReadAction\",\"target\":[\"https:\/\/sangerardo.gob.ec\/azuay\/rendicion-de-cuentas-2023\/\"]}]},{\"@type\":\"BreadcrumbList\",\"@id\":\"https:\/\/sangerardo.gob.ec\/azuay\/rendicion-de-cuentas-2023\/#breadcrumb\",\"itemListElement\":[{\"@type\":\"ListItem\",\"position\":1,\"name\":\"Home\",\"item\":\"https:\/\/sangerardo.gob.ec\/azuay\/\"},{\"@type\":\"ListItem\",\"position\":2,\"name\":\"Rendici\u00f3n de Cuentas 2023\"}]},{\"@type\":\"WebSite\",\"@id\":\"https:\/\/sangerardo.gob.ec\/azuay\/#website\",\"url\":\"https:\/\/sangerardo.gob.ec\/azuay\/\",\"name\":\"GAD San Gerardo Azuay\",\"description\":\"Sitio Oficial del GAD Parroquial San Gerardo Azuay\",\"publisher\":{\"@id\":\"https:\/\/sangerardo.gob.ec\/azuay\/#organization\"},\"potentialAction\":[{\"@type\":\"SearchAction\",\"target\":{\"@type\":\"EntryPoint\",\"urlTemplate\":\"https:\/\/sangerardo.gob.ec\/azuay\/?s={search_term_string}\"},\"query-input\":{\"@type\":\"PropertyValueSpecification\",\"valueRequired\":true,\"valueName\":\"search_term_string\"}}],\"inLanguage\":\"es\"},{\"@type\":\"Organization\",\"@id\":\"https:\/\/sangerardo.gob.ec\/azuay\/#organization\",\"name\":\"GAD San Gerardo Azuay\",\"url\":\"https:\/\/sangerardo.gob.ec\/azuay\/\",\"logo\":{\"@type\":\"ImageObject\",\"inLanguage\":\"es\",\"@id\":\"https:\/\/sangerardo.gob.ec\/azuay\/#\/schema\/logo\/image\/\",\"url\":\"https:\/\/sangerardo.gob.ec\/azuay\/wp-content\/uploads\/2020\/06\/logoFooter.png\",\"contentUrl\":\"https:\/\/sangerardo.gob.ec\/azuay\/wp-content\/uploads\/2020\/06\/logoFooter.png\",\"width\":200,\"height\":150,\"caption\":\"GAD San Gerardo Azuay\"},\"image\":{\"@id\":\"https:\/\/sangerardo.gob.ec\/azuay\/#\/schema\/logo\/image\/\"}}]}<\/script>\n<!-- \/ Yoast SEO plugin. -->","yoast_head_json":{"title":"Rendici\u00f3n de Cuentas 2023 - GAD parroquial San Gerardo","robots":{"index":"index","follow":"follow","max-snippet":"max-snippet:-1","max-image-preview":"max-image-preview:large","max-video-preview":"max-video-preview:-1"},"canonical":"https:\/\/sangerardo.gob.ec\/azuay\/rendicion-de-cuentas-2023\/","og_locale":"es_ES","og_type":"article","og_title":"Rendici\u00f3n de Cuentas 2023 - GAD parroquial San Gerardo","og_description":"DEFENSOR\u00cdA DEL PUEBLO Certificado Anual de cumplimiento 2023 CPCCS INFORME NARRATIVO RENDICI\u00d3N DE CUENTAS 2023 MATRIZ INFORMACION PRESUPUESTARIA 2023 INFIMAS CUANTIAS 2023 CAT\u00c1LOGO ELECTR\u00d3NICO 2023 PREGUNTAS\u00a0 RENDICI\u00d3N DE CUENTAS\u00a0 2023 CONTROL ASISTENCIA SOCIALIZACI\u00d3N INFORMACI\u00d3N 2023 CONTROL ASISTENCIA DELIBERACI\u00d3N P\u00daBLICA PRESUPUESTO PARTICIPATIVO 2023 Informes Vocales Henry Ordo\u00f1ez Alexandra.Arebalo Estefania.Panj\u00f3n Carmen.Panj\u00f3n Jessica Cobos Link de la deliberaci\u00f3n [&hellip;]","og_url":"https:\/\/sangerardo.gob.ec\/azuay\/rendicion-de-cuentas-2023\/","og_site_name":"GAD parroquial San Gerardo","article_modified_time":"2024-06-29T02:53:02+00:00","twitter_card":"summary_large_image","twitter_misc":{"Tiempo de lectura":"1 minuto"},"schema":{"@context":"https:\/\/schema.org","@graph":[{"@type":"WebPage","@id":"https:\/\/sangerardo.gob.ec\/azuay\/rendicion-de-cuentas-2023\/","url":"https:\/\/sangerardo.gob.ec\/azuay\/rendicion-de-cuentas-2023\/","name":"Rendici\u00f3n de Cuentas 2023 - GAD parroquial San Gerardo","isPartOf":{"@id":"https:\/\/sangerardo.gob.ec\/azuay\/#website"},"datePublished":"2023-01-02T22:58:54+00:00","dateModified":"2024-06-29T02:53:02+00:00","breadcrumb":{"@id":"https:\/\/sangerardo.gob.ec\/azuay\/rendicion-de-cuentas-2023\/#breadcrumb"},"inLanguage":"es","potentialAction":[{"@type":"ReadAction","target":["https:\/\/sangerardo.gob.ec\/azuay\/rendicion-de-cuentas-2023\/"]}]},{"@type":"BreadcrumbList","@id":"https:\/\/sangerardo.gob.ec\/azuay\/rendicion-de-cuentas-2023\/#breadcrumb","itemListElement":[{"@type":"ListItem","position":1,"name":"Home","item":"https:\/\/sangerardo.gob.ec\/azuay\/"},{"@type":"ListItem","position":2,"name":"Rendici\u00f3n de Cuentas 2023"}]},{"@type":"WebSite","@id":"https:\/\/sangerardo.gob.ec\/azuay\/#website","url":"https:\/\/sangerardo.gob.ec\/azuay\/","name":"GAD San Gerardo Azuay","description":"Sitio Oficial del GAD Parroquial San Gerardo Azuay","publisher":{"@id":"https:\/\/sangerardo.gob.ec\/azuay\/#organization"},"potentialAction":[{"@type":"SearchAction","target":{"@type":"EntryPoint","urlTemplate":"https:\/\/sangerardo.gob.ec\/azuay\/?s={search_term_string}"},"query-input":{"@type":"PropertyValueSpecification","valueRequired":true,"valueName":"search_term_string"}}],"inLanguage":"es"},{"@type":"Organization","@id":"https:\/\/sangerardo.gob.ec\/azuay\/#organization","name":"GAD San Gerardo Azuay","url":"https:\/\/sangerardo.gob.ec\/azuay\/","logo":{"@type":"ImageObject","inLanguage":"es","@id":"https:\/\/sangerardo.gob.ec\/azuay\/#\/schema\/logo\/image\/","url":"https:\/\/sangerardo.gob.ec\/azuay\/wp-content\/uploads\/2020\/06\/logoFooter.png","contentUrl":"https:\/\/sangerardo.gob.ec\/azuay\/wp-content\/uploads\/2020\/06\/logoFooter.png","width":200,"height":150,"caption":"GAD San Gerardo Azuay"},"image":{"@id":"https:\/\/sangerardo.gob.ec\/azuay\/#\/schema\/logo\/image\/"}}]}},"_links":{"self":[{"href":"https:\/\/sangerardo.gob.ec\/azuay\/wp-json\/wp\/v2\/pages\/915","targetHints":{"allow":["GET"]}}],"collection":[{"href":"https:\/\/sangerardo.gob.ec\/azuay\/wp-json\/wp\/v2\/pages"}],"about":[{"href":"https:\/\/sangerardo.gob.ec\/azuay\/wp-json\/wp\/v2\/types\/page"}],"author":[{"embeddable":true,"href":"https:\/\/sangerardo.gob.ec\/azuay\/wp-json\/wp\/v2\/users\/6"}],"replies":[{"embeddable":true,"href":"https:\/\/sangerardo.gob.ec\/azuay\/wp-json\/wp\/v2\/comments?post=915"}],"version-history":[{"count":16,"href":"https:\/\/sangerardo.gob.ec\/azuay\/wp-json\/wp\/v2\/pages\/915\/revisions"}],"predecessor-version":[{"id":1098,"href":"https:\/\/sangerardo.gob.ec\/azuay\/wp-json\/wp\/v2\/pages\/915\/revisions\/1098"}],"wp:attachment":[{"href":"https:\/\/sangerardo.gob.ec\/azuay\/wp-json\/wp\/v2\/media?parent=915"}],"curies":[{"name":"wp","href":"https:\/\/api.w.org\/{rel}","templated":true}]}}

Rendición de Cuentas 2023

<p>DEFENSORÍA DEL PUEBLO</p>
<p><a href="https://sangerardo.gob.ec/azuay/wp-content/uploads/2024/05/certificado.pdf">Certificado Anual de cumplimiento 2023</a></p>
<p>CPCCS</p>
<p><a href="https://sangerardo.gob.ec/azuay/wp-content/uploads/2024/05/INFORME-rc-2023.pdf">INFORME NARRATIVO RENDICIÓN DE CUENTAS 2023</a></p>
<p><a href="https://sangerardo.gob.ec/azuay/wp-content/uploads/2024/06/MATRIZ-INFORMACION-PRESUPUESTARIA-2023.xlsx">MATRIZ INFORMACION PRESUPUESTARIA 2023</a></p>
<p><a href="https://sangerardo.gob.ec/azuay/wp-content/uploads/2024/06/INFIMAS-CUANTIAS-2023-1.pdf">INFIMAS CUANTIAS 2023</a></p>
<p><a href="https://sangerardo.gob.ec/azuay/wp-content/uploads/2024/06/CATALOGO-ELECTRONICO-2023.pdf">CATÁLOGO ELECTRÓNICO 2023</a></p>
<p><a href="https://sangerardo.gob.ec/azuay/wp-content/uploads/2024/06/img20240626_11240091.pdf">PREGUNTAS  RENDICIÓN DE CUENTAS  2023</a></p>
<p><a href="https://sangerardo.gob.ec/azuay/wp-content/uploads/2024/06/escaneado-3.pdf">CONTROL ASISTENCIA SOCIALIZACIÓN INFORMACIÓN 2023</a></p>
<p><a href="https://sangerardo.gob.ec/azuay/wp-content/uploads/2024/06/escaner-1.pdf">CONTROL ASISTENCIA DELIBERACIÓN PÚBLICA</a></p>
<p><a href="https://sangerardo.gob.ec/azuay/wp-content/uploads/2024/06/SAN-GERARDO-1.pdf">PRESUPUESTO PARTICIPATIVO 2023</a></p>
<p>Informes Vocales</p>
<ul>
<li><a href="https://sangerardo.gob.ec/azuay/wp-content/uploads/2024/06/Autoridades-1.-Herny.pdf">Henry Ordoñez</a></li>
<li><a href="https://sangerardo.gob.ec/azuay/wp-content/uploads/2024/06/Autoridades-1.-Alexandra.Arebalo-1.pdf">Alexandra.Arebalo </a></li>
<li><a href="https://sangerardo.gob.ec/azuay/wp-content/uploads/2024/06/Autoridades-1.Estefania.Panjon.pdf">Estefania.Panjón</a></li>
<li><a href="https://sangerardo.gob.ec/azuay/wp-content/uploads/2024/06/Autoridades-1.Carmen.Panjon.pdf">Carmen.Panjón</a></li>
<li><a href="https://sangerardo.gob.ec/azuay/wp-content/uploads/2024/06/Autoridades-10.pdf">Jessica Cobos</a></li>
</ul>
<p>Link de la deliberación pública -transmision en vivo</p>
<p>https://www.facebook.com/share/v/wKrPberSDBU2kgBv/?mibextid=WC7FNe</p>

<p>DEFENSORÍA DEL PUEBLO Certificado Anual de cumplimiento 2023 CPCCS INFORME NARRATIVO RENDICIÓN DE CUENTAS 2023 MATRIZ INFORMACION PRESUPUESTARIA 2023 INFIMAS CUANTIAS 2023 CATÁLOGO ELECTRÓNICO 2023 PREGUNTAS  RENDICIÓN DE CUENTAS  2023 CONTROL ASISTENCIA SOCIALIZACIÓN INFORMACIÓN 2023 CONTROL ASISTENCIA DELIBERACIÓN PÚBLICA PRESUPUESTO PARTICIPATIVO 2023 Informes Vocales Henry Ordoñez Alexandra.Arebalo Estefania.Panjón Carmen.Panjón Jessica Cobos Link de la deliberación [&hellip;]</p>

<!-- This site is optimized with the Yoast SEO plugin v24.1 - https://yoast.com/wordpress/plugins/seo/ -->
<title>Rendición de Cuentas 2023 - GAD parroquial San Gerardo</title>
<meta name="robots" content="index, follow, max-snippet:-1, max-image-preview:large, max-video-preview:-1" />
<link rel="canonical" href="https://sangerardo.gob.ec/azuay/rendicion-de-cuentas-2023/" />
<meta property="og:locale" content="es_ES" />
<meta property="og:type" content="article" />
<meta property="og:title" content="Rendición de Cuentas 2023 - GAD parroquial San Gerardo" />
<meta property="og:description" content="DEFENSORÍA DEL PUEBLO Certificado Anual de cumplimiento 2023 CPCCS INFORME NARRATIVO RENDICIÓN DE CUENTAS 2023 MATRIZ INFORMACION PRESUPUESTARIA 2023 INFIMAS CUANTIAS 2023 CATÁLOGO ELECTRÓNICO 2023 PREGUNTAS  RENDICIÓN DE CUENTAS  2023 CONTROL ASISTENCIA SOCIALIZACIÓN INFORMACIÓN 2023 CONTROL ASISTENCIA DELIBERACIÓN PÚBLICA PRESUPUESTO PARTICIPATIVO 2023 Informes Vocales Henry Ordoñez Alexandra.Arebalo Estefania.Panjón Carmen.Panjón Jessica Cobos Link de la deliberación [&hellip;]" />
<meta property="og:url" content="https://sangerardo.gob.ec/azuay/rendicion-de-cuentas-2023/" />
<meta property="og:site_name" content="GAD parroquial San Gerardo" />
<meta property="article:modified_time" content="2024-06-29T02:53:02+00:00" />
<meta name="twitter:card" content="summary_large_image" />
<meta name="twitter:label1" content="Tiempo de lectura" />
	<meta name="twitter:data1" content="1 minuto" />
<script type="application/ld+json" class="yoast-schema-graph">{"@context":"https://schema.org","@graph":[{"@type":"WebPage","@id":"https://sangerardo.gob.ec/azuay/rendicion-de-cuentas-2023/","url":"https://sangerardo.gob.ec/azuay/rendicion-de-cuentas-2023/","name":"Rendición de Cuentas 2023 - GAD parroquial San Gerardo","isPartOf":{"@id":"https://sangerardo.gob.ec/azuay/#website"},"datePublished":"2023-01-02T22:58:54+00:00","dateModified":"2024-06-29T02:53:02+00:00","breadcrumb":{"@id":"https://sangerardo.gob.ec/azuay/rendicion-de-cuentas-2023/#breadcrumb"},"inLanguage":"es","potentialAction":[{"@type":"ReadAction","target":["https://sangerardo.gob.ec/azuay/rendicion-de-cuentas-2023/"]}]},{"@type":"BreadcrumbList","@id":"https://sangerardo.gob.ec/azuay/rendicion-de-cuentas-2023/#breadcrumb","itemListElement":[{"@type":"ListItem","position":1,"name":"Home","item":"https://sangerardo.gob.ec/azuay/"},{"@type":"ListItem","position":2,"name":"Rendición de Cuentas 2023"}]},{"@type":"WebSite","@id":"https://sangerardo.gob.ec/azuay/#website","url":"https://sangerardo.gob.ec/azuay/","name":"GAD San Gerardo Azuay","description":"Sitio Oficial del GAD Parroquial San Gerardo Azuay","publisher":{"@id":"https://sangerardo.gob.ec/azuay/#organization"},"potentialAction":[{"@type":"SearchAction","target":{"@type":"EntryPoint","urlTemplate":"https://sangerardo.gob.ec/azuay/?s={search_term_string}"},"query-input":{"@type":"PropertyValueSpecification","valueRequired":true,"valueName":"search_term_string"}}],"inLanguage":"es"},{"@type":"Organization","@id":"https://sangerardo.gob.ec/azuay/#organization","name":"GAD San Gerardo Azuay","url":"https://sangerardo.gob.ec/azuay/","logo":{"@type":"ImageObject","inLanguage":"es","@id":"https://sangerardo.gob.ec/azuay/#/schema/logo/image/","url":"https://sangerardo.gob.ec/azuay/wp-content/uploads/2020/06/logoFooter.png","contentUrl":"https://sangerardo.gob.ec/azuay/wp-content/uploads/2020/06/logoFooter.png","width":200,"height":150,"caption":"GAD San Gerardo Azuay"},"image":{"@id":"https://sangerardo.gob.ec/azuay/#/schema/logo/image/"}}]}</script>
<!-- / Yoast SEO plugin. -->

Rendición de Cuentas 2023 - GAD parroquial San Gerardo

DEFENSORÍA DEL PUEBLO Certificado Anual de cumplimiento 2023 CPCCS INFORME NARRATIVO RENDICIÓN DE CUENTAS 2023 MATRIZ INFORMACION PRESUPUESTARIA 2023 INFIMAS CUANTIAS 2023 CATÁLOGO ELECTRÓNICO 2023 PREGUNTAS  RENDICIÓN DE CUENTAS  2023 CONTROL ASISTENCIA SOCIALIZACIÓN INFORMACIÓN 2023 CONTROL ASISTENCIA DELIBERACIÓN PÚBLICA PRESUPUESTO PARTICIPATIVO 2023 Informes Vocales Henry Ordoñez Alexandra.Arebalo Estefania.Panjón Carmen.Panjón Jessica Cobos Link de la deliberación [&hellip;]
